{"id":7300,"date":"2021-04-28T11:39:31","date_gmt":"2021-04-28T14:39:31","guid":{"rendered":"http:\/\/bodyfit.demagencia.com.br\/?page_id=7300"},"modified":"2025-08-27T11:57:02","modified_gmt":"2025-08-27T14:57:02","slug":"unidades","status":"publish","type":"page","link":"https:\/\/wpt.academiasbodyfit.com.br\/?page_id=7300","title":{"rendered":"Unidades"},"content":{"rendered":"<p>[vc_section full_width=&#8221;stretch_row&#8221; content_placement=&#8221;middle&#8221; css=&#8221;.vc_custom_1619620831828{background-image: url(https:\/\/wpt.academiasbodyfit.com.br\/wp-content\/uploads\/2019\/09\/barra-breadcrumbs.jpg?id=7293) !important;}&#8221;][vc_row css=&#8221;.vc_custom_1619706179456{padding-top: 30px !important;padding-bottom: 40px !important;}&#8221;][vc_column][vc_column_text]<\/p>\n<p class=\"pag-titulo\">Unidades Body Fit Academia<br \/>\n<span class=\"pag-subtitulo\">Encontre a localiza\u00e7\u00e3o mais perto de voc\u00ea!<\/span>[\/vc_column_text][\/vc_column][\/vc_row][\/vc_section][vc_row][vc_column][vc_empty_space height=&#8221;80px&#8221;][\/vc_column][\/vc_row][vc_row css=&#8221;.vc_custom_1619706142223{background-color: #efefef !important;}&#8221;][vc_column width=&#8221;1\/3&#8243; css=&#8221;.vc_custom_1619621385530{margin-right: 0px !important;margin-left: 0px !important;border-right-width: 0px !important;border-left-width: 0px !important;padding-right: 0px !important;padding-left: 0px !important;}&#8221;][vc_single_image image=&#8221;7601&#8243; img_size=&#8221;full&#8221; alignment=&#8221;center&#8221; css=&#8221;.vc_custom_1625153899522{margin-right: 0px !important;margin-left: 0px !important;border-right-width: 0px !important;border-left-width: 0px !important;padding-right: 0px !important;padding-left: 0px !important;}&#8221;][\/vc_column][vc_column width=&#8221;2\/3&#8243; css=&#8221;.vc_custom_1619635784870{padding-top: 20px !important;padding-right: 20px !important;padding-left: 20px !important;}&#8221;][vc_row_inner][vc_column_inner][vc_raw_html]JTNDZGl2JTNFJTBBJTIwJTIwJTIwJTNDcCUyMGNsYXNzJTNEJTIyZG91cmFkby1ncmFuZGUlMjIlM0VVbmlkYWRlJTIwVmVuZGElMjBOb3ZhJTNDJTJGcCUzRSUwQSUyMCUyMCUyMCUzQ3AlMjBjbGFzcyUzRCUyMmVuZC11bmlkYWRlcyUyMiUzRUF2LiUyMFZpbGFyaW5obyUyQyUyMDE2MDElM0NiciUzRSUzQ3NwYW4lMjBjbGFzcyUzRCUyMnRlbC11bmlkYWRlcyUyMiUzRSUyODMxJTI5JTIwMjEyNy0wOTA5JTNDJTJGc3BhbiUzRSUzQyUyRnAlM0UlMEElM0MlMkZkaXYlM0U=[\/vc_raw_html][\/vc_column_inner][\/vc_row_inner][vc_row_inner][vc_column_inner width=&#8221;4\/5&#8243; css=&#8221;.vc_custom_1756306616322{padding-bottom: 10px !important;}&#8221;][vc_btn title=&#8221;Matricule-se&#8221; style=&#8221;custom&#8221; custom_background=&#8221;#000000&#8243; custom_text=&#8221;#ffffff&#8221; shape=&#8221;square&#8221; size=&#8221;lg&#8221; link=&#8221;url:https%3A%2F%2Fwpt.academiasbodyfit.com.br%2Funidades%2Fvendanova%2F|title:Matricule-se&#8221; css=&#8221;.vc_custom_1623788956092{padding-top: 5px !important;padding-right: 10px !important;padding-left: 10px !important;}&#8221;][vc_btn title=&#8221;Fale conosco no WhatsApp&#8221; style=&#8221;custom&#8221; custom_background=&#8221;#000000&#8243; custom_text=&#8221;#ffffff&#8221; shape=&#8221;square&#8221; size=&#8221;lg&#8221; custom_onclick=&#8221;true&#8221; link=&#8221;url:https%3A%2F%2Fapi.whatsapp.com%2Fsend%3Fphone%3D5531996112920%26text%3DOl%25C3%25A1%252C%2520atendimento%2520via%2520WhatsApp%2520do%2520site.%2520Unidade%2520Venda%2520Nova.|title:Fale%20conosco%20no%20WhatsApp|target:_blank&#8221; css=&#8221;.vc_custom_1619705690353{padding-top: 5px !important;padding-right: 10px !important;padding-left: 10px !important;}&#8221; custom_onclick_code=&#8221;ga(&#8216;send&#8217;,&#8217;event&#8217;,{eventCategory:&#8217;whatsapp&#8217;,eventAction:&#8217;btn-pagunidades-vendanova&#8217;});&#8221;][\/vc_column_inner][\/vc_row_inner][\/vc_column][\/vc_row][vc_row css=&#8221;.vc_custom_1619621740361{margin-top: 40px !important;background-color: #efefef !important;}&#8221;][vc_column width=&#8221;1\/3&#8243; css=&#8221;.vc_custom_1619621385530{margin-right: 0px !important;margin-left: 0px !important;border-right-width: 0px !important;border-left-width: 0px !important;padding-right: 0px !important;padding-left: 0px !important;}&#8221;][vc_single_image image=&#8221;7471&#8243; img_size=&#8221;full&#8221; alignment=&#8221;center&#8221; css=&#8221;.vc_custom_1621880428184{margin-right: 0px !important;margin-left: 0px !important;border-right-width: 0px !important;border-left-width: 0px !important;padding-right: 0px !important;padding-left: 0px !important;}&#8221;][\/vc_column][vc_column width=&#8221;2\/3&#8243; css=&#8221;.vc_custom_1619635858182{padding-top: 20px !important;padding-right: 20px !important;padding-left: 20px !important;}&#8221;][vc_row_inner][vc_column_inner][vc_raw_html]JTNDZGl2JTNFJTBBJTIwJTIwJTIwJTNDcCUyMGNsYXNzJTNEJTIyZG91cmFkby1ncmFuZGUlMjIlM0VVbmlkYWRlJTIwQWwlQzMlQURwaW8lMjBkZSUyME1lbG8lM0MlMkZwJTNFJTBBJTIwJTIwJTIwJTNDcCUyMGNsYXNzJTNEJTIyZW5kLXVuaWRhZGVzJTIyJTNFQXYuJTIwQWIlQzMlQURsaW8lMjBNYWNoYWRvJTJDJTIwMTY2NCUyMC0lMjBTaG9wcGluZyUyMFhpbmd1JTNDYnIlM0UlM0NzcGFuJTIwY2xhc3MlM0QlMjJ0ZWwtdW5pZGFkZXMlMjIlM0UlMjgzMSUyOSUyMDI1MjAtMTk5OSUzQyUyRnNwYW4lM0UlM0MlMkZwJTNFJTBBJTNDJTJGZGl2JTNF[\/vc_raw_html][\/vc_column_inner][\/vc_row_inner][vc_row_inner][vc_column_inner css=&#8221;.vc_custom_1619636579437{padding-bottom: 10px !important;}&#8221;][vc_btn title=&#8221;Matricule-se&#8221; style=&#8221;custom&#8221; custom_background=&#8221;#000000&#8243; custom_text=&#8221;#ffffff&#8221; shape=&#8221;square&#8221; size=&#8221;lg&#8221; link=&#8221;url:https%3A%2F%2Fwpt.academiasbodyfit.com.br%2Funidades%2Falipiodemelo%2F|title:Matricule-se&#8221; css=&#8221;.vc_custom_1623788940242{padding-top: 5px !important;padding-right: 10px !important;padding-left: 10px !important;}&#8221;][vc_btn title=&#8221;Fale conosco no WhatsApp&#8221; style=&#8221;custom&#8221; custom_background=&#8221;#000000&#8243; custom_text=&#8221;#ffffff&#8221; shape=&#8221;square&#8221; size=&#8221;lg&#8221; custom_onclick=&#8221;true&#8221; link=&#8221;url:https%3A%2F%2Fapi.whatsapp.com%2Fsend%3Fphone%3D5531996112920%26text%3DOl%25C3%25A1%252C%2520atendimento%2520via%2520WhatsApp%2520do%2520site.%2520Unidade%2520Alipio%2520de%2520Melo.|title:Fale%20conosco%20no%20WhatsApp|target:_blank&#8221; css=&#8221;.vc_custom_1619705765910{padding-top: 5px !important;padding-right: 10px !important;padding-left: 10px !important;}&#8221; custom_onclick_code=&#8221;ga(&#8216;send&#8217;,&#8217;event&#8217;,{eventCategory:&#8217;whatsapp&#8217;,eventAction:&#8217;btn-pagunidades-alipiodemelo&#8217;});&#8221;][\/vc_column_inner][\/vc_row_inner][\/vc_column][\/vc_row][vc_row][vc_column][vc_empty_space height=&#8221;80px&#8221;][\/vc_column][\/vc_row][vc_section full_width=&#8221;stretch_row&#8221; css=&#8221;.vc_custom_1619636718947{padding-top: 20px !important;padding-bottom: 21px !important;background: #f9ac23 url(https:\/\/wpt.academiasbodyfit.com.br\/wp-content\/uploads\/2021\/04\/barra-texto.png?id=7257) !important;}&#8221;][\/vc_section]<\/p>\n","protected":false},"excerpt":{"rendered":"<p>[vc_section full_width=&#8221;stretch_row&#8221; content_placement=&#8221;middle&#8221; css=&#8221;.vc_custom_1619620831828{background-image: url(https:\/\/wpt.academiasbodyfit.com.br\/wp-content\/uploads\/2019\/09\/barra-breadcrumbs.jpg?id=7293) !important;}&#8221;][vc_row css=&#8221;.vc_custom_1619706179456{padding-top: 30px !important;padding-bottom: 40px !important;}&#8221;][vc_column][vc_column_text] Unidades Body Fit Academia Encontre a localiza\u00e7\u00e3o mais perto de voc\u00ea![\/vc_column_text][\/vc_column][\/vc_row][\/vc_section][vc_row][vc_column][vc_empty_space height=&#8221;80px&#8221;][\/vc_column][\/vc_row][vc_row css=&#8221;.vc_custom_1619706142223{background-color: #efefef !important;}&#8221;][vc_column width=&#8221;1\/3&#8243; css=&#8221;.vc_custom_1619621385530{margin-right: 0px !important;margin-left: 0px !important;border-right-width: 0px !important;border-left-width: 0px !important;padding-right: 0px !important;padding-left: 0px !important;}&#8221;][vc_single_image image=&#8221;7601&#8243; img_size=&#8221;full&#8221; alignment=&#8221;center&#8221; css=&#8221;.vc_custom_1625153899522{margin-right: 0px !important;margin-left: 0px !important;border-right-width: 0px !important;border-left-width: 0px !important;padding-right: 0px !important;padding-left: 0px<\/p>\n","protected":false},"author":1,"featured_media":0,"parent":0,"menu_order":0,"comment_status":"closed","ping_status":"closed","template":"","meta":{"footnotes":""},"class_list":["post-7300","page","type-page","status-publish","hentry"],"_links":{"self":[{"href":"https:\/\/wpt.academiasbodyfit.com.br\/index.php?rest_route=\/wp\/v2\/pages\/7300","targetHints":{"allow":["GET"]}}],"collection":[{"href":"https:\/\/wpt.academiasbodyfit.com.br\/index.php?rest_route=\/wp\/v2\/pages"}],"about":[{"href":"https:\/\/wpt.academiasbodyfit.com.br\/index.php?rest_route=\/wp\/v2\/types\/page"}],"author":[{"embeddable":true,"href":"https:\/\/wpt.academiasbodyfit.com.br\/index.php?rest_route=\/wp\/v2\/users\/1"}],"replies":[{"embeddable":true,"href":"https:\/\/wpt.academiasbodyfit.com.br\/index.php?rest_route=%2Fwp%2Fv2%2Fcomments&post=7300"}],"version-history":[{"count":63,"href":"https:\/\/wpt.academiasbodyfit.com.br\/index.php?rest_route=\/wp\/v2\/pages\/7300\/revisions"}],"predecessor-version":[{"id":10271,"href":"https:\/\/wpt.academiasbodyfit.com.br\/index.php?rest_route=\/wp\/v2\/pages\/7300\/revisions\/10271"}],"wp:attachment":[{"href":"https:\/\/wpt.academiasbodyfit.com.br\/index.php?rest_route=%2Fwp%2Fv2%2Fmedia&parent=7300"}],"curies":[{"name":"wp","href":"https:\/\/api.w.org\/{rel}","templated":true}]}}